 and 2555621?
127
Calculate the highest common factor of 15 and 50801055.
15
What is the highest common factor of 525834 and 5129?
223
What is the greatest common divisor of 54756 and 19026657?
1053
What is the greatest common divisor of 62238 and 1194699?
1353
What is the highest common divisor of 7275 and 663075?
75
What is the highest common factor of 2235 and 5385?
15
Calculate the greatest common divisor of 9168 and 1499078016.
9168
Calculate the highest common factor of 27167916 and 1032.
516
What is the highest common divisor of 2548 and 109514314?
1274
Calculate the highest common divisor of 220 and 2019050.
110
What is the highest common divisor of 366090 and 438?
6
Calculate the highest common divisor of 63 and 54030438.
63
What is the greatest common divisor of 7157670 and 1170?
390
What is the greatest common factor of 334 and 45476939?
167
Calculate the highest common divisor of 595 and 30388503.
17
What is the greatest common divisor of 11310729 and 78315?
681
Calculate the highest common divisor of 318 and 4345356.
6
Calculate the highest common factor of 181836 and 11724.
12
What is the highest common divisor of 765 and 3004665?
255
Calculate the highest common divisor of 68496120 and 4554.
198
Calculate the greatest common divisor of 946 and 187674102.
946
What is the greatest common divisor of 682 and 730693095?
341
What is the highest common divisor of 102100 and 299153?
1021
What is the highest common factor of 20734 and 20300?
14
What is the greatest common factor of 5277 and 2552015247?
5277
What is the greatest common divisor of 175804774 and 2429?
347
Calculate the greatest common factor of 1516608 and 162.
18
What is the highest common divisor of 3654527 and 148?
37
What is the highest common factor of 400964 and 472708?
236
Calculate the greatest common factor of 996826 and 2422.
346
What is the greatest common factor of 117 and 17283735?
9
Calculate the greatest common factor of 3393 and 5304303.
261
What is the greatest common factor of 135915 and 317730?
255
Calculate the greatest common factor of 2910 and 29060715.
1455
What is the highest common factor of 584 and 520511608?
584
Calculate the highest common factor of 175696020 and 270.
270
Calculate the greatest common divisor of 539 and 15082991.
77
Calculate the greatest common divisor of 9752 and 24.
8
What is the highest common divisor of 51 and 4970868?
51
Calculate the greatest common factor of 324374 and 29546.
158
Calculate the highest common factor of 964 and 1020394.
482
What is the greatest common factor of 1388 and 632962353?
347
What is the highest common factor of 887 and 1101190099?
887
What is the highest common factor of 151716 and 252672?
564
What is the highest common factor of 27104 and 10647?
7
What is the greatest common divisor of 4310630 and 10?
10
Calculate the greatest common divisor of 9 and 11424162.
3
Calculate the highest common divisor of 57761 and 253.
11
What is the greatest common divisor of 14916504 and 168?
24
What is the highest common factor of 354 and 44058?
6
Calculate the highest common factor of 672 and 337825824.
672
What is the highest common divisor of 629998 and 297434?
2342
Calculate the greatest common factor of 1179 and 18176250.
393
What is the highest common factor of 729 and 87097032?
243
Calculate the highest common divisor of 19359 and 3121101.
2151
Calculate the highest common divisor of 292 and 10876051.
73
What is the greatest common divisor of 21623 and 155951254?
3089
Calculate the highest common divisor of 4522331 and 12243.
583
Calculate the greatest common factor of 47669140 and 80.
20
Calculate the highest common factor of 3703812 and 2548.
196
What is the greatest common divisor of 181201240 and 120?
40
Calculate the highest common factor of 1674198 and 23323.
281
What is the highest common factor of 12210 and 497046?
66
Calculate the highest common factor of 213575 and 88650711.
8543
What is the highest common divisor of 300 and 12068250?
150
What is the highest common divisor of 40082 and 7750526?
98
Calculate the greatest common divisor of 120652741 and 33.
11
Calculate the highest common divisor of 6526337 and 124.
31
Calculate the highest common divisor of 3555 and 69622305.
1185
What is the greatest common divisor of 251216320 and 2752?
2752
What is the greatest common divisor of 151088 and 192268?
284
What is the greatest common factor of 933240 and 1921920?
9240
What is the highest common divisor of 80 and 111782840?
40
What is the highest common factor of 6957678 and 462?
42
Calculate the highest common factor of 75 and 2035900.
25
Calculate the highest common factor of 3867063 and 348.
87
What is the greatest common factor of 157 and 320784755?
157
Calculate the greatest common divisor of 11973 and 244101533.
3991
What is the greatest common factor of 5903245 and 19765?
295
Calculate the greatest common divisor of 3556562 and 4294.
226
Calculate the greatest common factor of 363075 and 2038370.
515
What is the highest common divisor of 1827053 and 4498?
173
What is the highest common divisor of 6655207 and 1404?
13
Calculate the greatest common divisor of 28693633 and 67509.
577
Calculate the greatest common factor of 81 and 1902171.
3
What is the highest common divisor of 1353 and 206283?
33
What is the highest common divisor of 368 and 27677602?
46
What is the greatest common factor of 1110 and 7560580?
370
Calculate the greatest common factor of 248431316 and 404.
404
Calculate the highest common factor of 431302 and 3790.
758
What is the highest common factor of 417463077 and 244?
61
Calculate the highest common factor of 25121154 and 2242.
38
What is the highest common divisor of 5105 and 43095389?
1021
Calculate the greatest common divisor of 174800323 and 304.
19
What is the highest common divisor of 9 and 4320857?
1
What is the greatest common divisor of 1459024 and 3773?
49
Calculate the greatest common factor of 9964 and 388361.
47
Calculate the highest common divisor of 152592 and 1879152.
528
Calculate the highest common divisor of 1941 and 4507649.
647
Calculate the greatest common factor of 143 and 8908757.
143
What is the highest common factor of 651121669 and 1171?
1171
What is the highest common factor of 802157 and 670081?
89
Calculate the highest common factor of 806 and 42562.
26
What is the highest common divisor of 682061920 and 10?
10
Calculate the highest common factor of 121396 and 6479.
341
What is the greatest common factor of 208 and 149427304?
104
What is the greatest common divisor of 1986 and 153082866?
1986
What is the highest common divisor of 2013 and 753777?
183
Calculate the highest common factor of 6 and 6263526.
6
What is the highest common factor of 1770141 and 1743?
249
Calculate the highest common factor of 8679 and 11952561.
789
Calculate the greatest common factor of 1679 and 396901.
73
Calculate the highest common divisor of 14874660 and 13770.
1530
What is the highest common factor of 86346 and 330318?
162
What is the greatest common divisor of 6 and 8060119?
1
What is the greatest common factor of 408 and 274808?
8
Calculate the highest common divisor of 52524 and 440280.
36
What is the greatest common divisor of 830 and 29797166?
166
Calculate the highest common factor of 2971178 and 63.
7
Calculate the highest common factor of 1238196696 and 129.
129
Calculate the greatest common factor of 4466 and 2048937.
319
Calculate the greatest common divisor of 115452205 and 11.
11
What is the greatest common divisor of 50895 and 90915?
435
Calculate the greatest common factor of 672514 and 5208.
62
What is the greatest common factor of 214621 and 2868008?
1199
What is the greatest common factor of 16700396 and 12?
4
Calculate the highest common divisor of 6457336 and 14104.
328
Calculate the highest common divisor of 1105212 and 2790.
186
What is the greatest common factor of 144864880 and 83?
83
Calculate the highest common factor of 12620093 and 1055952.
7333
Calculate the highest common divisor of 57387000 and 55.
55
Calculate the highest common divisor of 34989 and 1380267.
327
Calculate the highest common factor of 4256 and 110719840.
4256
Calculate the greatest common factor of 4763 and 429969.
433
Calculate the highest common divisor of 7956